ulate the greatest common divisor of 108036635 and 2415.
805
Calculate the greatest common divisor of 935715 and 848.
53
What is the highest common divisor of 240389982 and 49?
49
Calculate the greatest common factor of 958 and 332321578.
958
What is the highest common divisor of 177647105 and 10225?
2045
What is the highest common divisor of 2645450 and 40?
10
What is the greatest common factor of 120811895 and 415?
415
What is the greatest common factor of 34281654 and 1595?
319
What is the greatest common divisor of 644090 and 3480?
290
What is the highest common divisor of 18298 and 1104474?
14
What is the greatest common divisor of 2391979 and 9?
1
What is the highest common divisor of 272 and 1600656?
16
Calculate the highest common factor of 13027631 and 1091.
1091
What is the highest common factor of 187 and 44403847?
17
Calculate the highest common factor of 307887 and 41242.
17
Calculate the highest common divisor of 4628376070 and 1030.
1030
Calculate the greatest common factor of 9346920 and 345290.
8030
Calculate the highest common factor of 8552 and 479.
1
What is the highest common factor of 13376340 and 45234?
6462
Calculate the highest common divisor of 32 and 6198092.
4
What is the highest common factor of 261 and 370271826?
261
Calculate the highest common divisor of 188139309 and 1004.
251
Calculate the highest common factor of 7542676 and 6.
2
Calculate the highest common divisor of 4339752 and 8184.
744
Calculate the greatest common divisor of 6 and 678377874.
6
Calculate the highest common factor of 4320 and 518533920.
4320
Calculate the highest common divisor of 3044930 and 945.
35
Calculate the greatest common divisor of 58899 and 2410797.
2031
What is the highest common factor of 9 and 348903?
9
Calculate the highest common factor of 1551 and 2032231872.
1551
What is the greatest common factor of 7 and 11446547?
7
What is the greatest common divisor of 448 and 726536?
8
What is the greatest common divisor of 45100142 and 5219?
307
What is the greatest common divisor of 29136975 and 48944?
3059
What is the greatest common factor of 50 and 4357525?
25
Calculate the highest common divisor of 2729727 and 3927.
231
What is the highest common divisor of 12172 and 9071183?
3043
What is the greatest common divisor of 88 and 1442639?
11
What is the highest common factor of 3838 and 30348278?
202
What is the greatest common factor of 2157280 and 832?
32
What is the highest common divisor of 6175 and 4355845?
1235
What is the greatest common factor of 22287 and 2065653?
1173
Calculate the highest common divisor of 161727 and 60543.
93
Calculate the highest common factor of 40245193 and 1081.
23
What is the highest common divisor of 4942428 and 252?
12
Calculate the highest common factor of 842021419 and 67985.
13597
What is the highest common divisor of 238214 and 34?
2
Calculate the greatest common divisor of 1755 and 51201865.
65
Calculate the highest common factor of 3575 and 1595217.
13
What is the greatest common divisor of 2040 and 53499?
51
Calculate the highest common divisor of 58994460 and 120.
60
What is the highest common factor of 16665964 and 20?
4
What is the greatest common factor of 2085695 and 1803601?
3001
Calculate the greatest common divisor of 117260 and 1727.
11
Calculate the greatest common divisor of 17829 and 23394.
21
What is the highest common divisor of 36790 and 395408?
26
What is the highest common divisor of 1468664880 and 1712?
1712
Calculate the greatest common factor of 1035657 and 19278.
1071
Calculate the greatest common factor of 480 and 661090.
10
What is the highest common factor of 25376 and 128691212?
3172
Calculate the highest common divisor of 178688 and 53746.
698
Calculate the greatest common factor of 40 and 13399280.
40
Calculate the highest common factor of 3578171856 and 336.
336
What is the greatest common factor of 3101960 and 4120?
40
Calculate the greatest common divisor of 3269 and 163852554.
467
Calculate the highest common factor of 12910256 and 14903.
2129
Calculate the highest common factor of 2965131110 and 355.
355
Calculate the highest common divisor of 9828 and 996.
12
Calculate the greatest common factor of 124 and 2488649.
31
What is the highest common divisor of 240 and 534907160?
40
What is the highest common factor of 93219 and 116738559?
4053
What is the greatest common factor of 23490 and 15459030?
2610
What is the greatest common factor of 2592 and 708448?
32
Calculate the highest common divisor of 2710 and 54302438.
542
What is the highest common factor of 3 and 6994353?
3
What is the greatest common divisor of 5657548 and 364?
52
What is the greatest common divisor of 8399589 and 58557?
393
What is the highest common divisor of 31552 and 736832?
1856
Calculate the highest common factor of 321892 and 5.
1
Calculate the greatest common factor of 125 and 337089925.
25
Calculate the highest common factor of 43 and 1160828.
43
What is the greatest common divisor of 567191 and 345033?
983
Calculate the highest common divisor of 3762317 and 299.
299
What is the greatest common divisor of 32783094 and 36?
18
What is the highest common factor of 1472 and 145076088?
184
Calculate the highest common divisor of 10720 and 333794.
134
Calculate the highest common divisor of 74104 and 157000.
1256
What is the greatest common factor of 466172 and 868?
28
What is the greatest common factor of 2026 and 1203185685?
1013
Calculate the greatest common factor of 845 and 31427916.
169
Calculate the highest common divisor of 10805802 and 462.
42
What is the highest common divisor of 48714 and 4416?
138
What is the greatest common factor of 3456 and 420608?
128
Calculate the greatest common divisor of 51 and 3706306.
17
Calculate the greatest common divisor of 16724 and 17612.
148
What is the greatest common factor of 36 and 352271196?
36
What is the greatest common factor of 25809847 and 4085?
817
Calculate the greatest common divisor of 192105 and 23550.
15
Calculate the greatest common factor of 48921024 and 272.
16
Calculate the highest common factor of 44368 and 460976.
752
Calculate the greatest common divisor of 1184478 and 258.
258
Calculate the greatest common divisor of 8 and 988056712.
8
What is the greatest common divisor of 81 and 59267430?
27
Calculate the highest common divisor of 12144 and 190590972.
3036
What is the greatest common factor of 1062147 and 229377?
1461
Calculate the highest common divisor of 48 and 34224990.
6
Calculate the highest common divisor of 20498427 and 383211.
6723
Calculate the highest common divisor of 6063807 and 113847.
831
What is the greatest common divisor of 3092 and 34?
2
Calculate the highest common factor of 6256950 and 450.
150
What is the highest common factor of 40 and 157660?
20
What is the greatest common divisor of 235 and 1304785?
5
What is the greatest common divisor of 127260 and 1701980?
140
Calculate the greatest common divisor of 1599351 and 14547.
39
What is the greatest common divisor of 124 and 2507807?
31
Calculate the highest common divisor of 8007 and 34748.
17
Calculate the greatest common factor of 193375 and 2600507.
1547
What is the greatest common factor of 19914993 and 1?
1
What is the greatest common factor of 2456187 and 22017?
123
Calculate the greatest common factor of 12423 and 888675.
123
What is the greatest common factor of 1523970 and 7770?
210
Calculate the highest common divisor of 2106 and 1476110142.
2106
What is the greatest common factor of 193565020 and 3982?
3982
What is the highest common factor of 29826 and 1458?
18
What is the highest common divisor of 1729 and 54304831?
133
Calculate the greatest common factor of 52750468 and 372.
124
What is the highest common factor of 33579 and 66051?
369
What is the greatest common divisor of 12402 and 11231442?
954
What is the highest common divisor of 4847 and 1263920?
37
What is the greatest common divisor of 48 and 61486256?
16
What is the highest common divisor of 176697 and 209465154?
6093
Calculate the greatest common factor of 24548 and 6518216.
1444
Calculate the greatest common factor of 773890 and 13820.
10
What is the highest common divisor of 6466 and 5212762?
106
What is the greatest common factor of 1029 and 2656633?
49
Calculate